hat is the units digit of r(m)?
6
Let s be 5/(-10) + 9/2. Let t be (-16)/s*(-1 + 2). Let p(i) = 2*i**2 + 6*i + 1. What is the units digit of p(t)?
9
Let v(d) = d**2 + 15*d + 12. Let n be v(-11). What is the tens digit of (-1*6)/(4/n)?
4
Let b(y) = -y**2 - 6*y - 3. Let l be b(-5). Suppose 3*q - l*s = 3*s + 89, -3*s = -4*q + 104. What is the units digit of q?
3
Suppose -91 = 5*o - 221. What is the tens digit of o?
2
Let q(m) = 2*m**2 + 106. What is the tens digit of q(0)?
0
Suppose 2*o = 2*q + 70, 0 = -5*q + 27 - 7. What is the units digit of o?
9
Let c be 5 + 0 - 2/1. Suppose -c*x - 4*a = -0 - 52, 3*x = -5*a + 56. What is the tens digit of x?
1
Suppose -6*f + 95 = -f. What is the tens digit of f?
1
Suppose 2*p = 5*a - 18, -11 = -2*a - 2*p - p. Suppose 3*k = 2*g - 6, 3*g + 2*k - a*k - 9 = 0. What is the units digit of g?
3
Suppose -3*w = 5*b + 12, 3*b - 5*w = -b - 17. Let m be -2 - (-2)/((-2)/b). Let i = 4 - m. What is the units digit of i?
3
What is the units digit of -5 - -2 - (-11 - 6)?
4
What is the hundreds digit of 3/(((-2)/(-776))/((-2)/(-6)))?
3
Let y = -3 + 7. Let o(g) = -2*g**2 + g**2 + 3*g**2 - 6*g - 2 - y. What is the units digit of o(5)?
4
Let i(j) = -j - 2. Let m be 1 - 8/(6/(-3)). Let w be i(m). Let v = 14 + w. What is the units digit of v?
7
Suppose 3*y + 5*j = -22, 3*y + 5 = -2*y - 2*j. Suppose y = i - 18. What is the tens digit of i?
1
Let k be -6 + (-2)/(2 - 3). What is the tens digit of 8/(-3)*(-2 + k)?
1
Suppose -d - 4*d + 317 = 2*q, 0 = 4*d - 20. What is the units digit of q?
6
Suppose 0 = -5*b + 57 + 28. Let y = b + -8. What is the units digit of y?
9
Suppose 37 = 5*b - 3*x, 2*x + 0 = -b - 3. Suppose b*k - 158 = -m, 2*k - 56 = -3*m - m. What is the tens digit of k?
3
Let l(g) = -3*g + 7. Let r be l(8). Let y = r + 24. What is the units digit of y?
7
Suppose -3*s + 3*f = -s + 6, 0 = 5*f - 20. Let u be 2/(-6)*-3 - s. Let a(o) = -8*o - 2. What is the units digit of a(u)?
4
Let n = -770 - -1081. What is the tens digit of n?
1
Let h(s) = s**3 + 4*s**2 - 8*s - 3. Let q be h(-5). Suppose 4*c + 2 - 18 = 0. Suppose 0 = c*v - 2*v - q. What is the units digit of v?
6
Suppose -2*l = -7 + 3. Suppose -2*s + 16 = l*z, -3*z + 36 = 4*s + 6. What is the units digit of s?
6
Let j = 12 + 37. What is the tens digit of j?
4
Let n(i) = -i**3 + 4*i**2 - 3*i + 2. Let b be n(3). Let z be -2 - (b + -5 + 2). Let p = z + 4. What is the units digit of p?
3
Let l be (-6)/(-5)*(-50)/(-5). Suppose 0 = 5*c - l - 38. What is the units digit of c?
0
Let f(t) = t**2 + 7*t + 7. Let w = -22 + 15. What is the units digit of f(w)?
7
Let j(s) = -s**2 + 10*s - 13. What is the units digit of j(7)?
8
Suppose 9*h - 13*h + 208 = 0. What is the tens digit of h?
5
Let z(t) = 4*t**2 + 8 - 8*t - t**3 - 14*t**2 + 1. Let b be z(-9). Suppose -3*w - m = -9, b = -2*w - 0*m + 3*m - 5. What is the units digit of w?
2
Suppose -2*q + 14 = v - 9, 4*v = 5*q - 38. What is the units digit of (q + -2)*21/12?
4
Suppose w - 189 = -5*q + 2*q, w - 253 = -4*q. Suppose 2*h + 2*h = q. What is the tens digit of h?
1
Suppose t - 163 = -5*k, -t = -3*k + 2*t + 87. What is the units digit of k?
2
Suppose 1 - 10 = -3*x, 4*a - 54 = 2*x. What is the tens digit of a?
1
Let n = 47 - 13. Let c = n + -12. Suppose 0*z + 13 = -z + 3*f, 4*f = -z + c. What is the units digit of z?
2
Let x = 25 + -23. Suppose -2*s = 5*n - 138, -56 = -x*n + 3*s - 4*s. What is the tens digit of n?
2
Let a(u) = -44*u**3 - 5*u + 4. Let g(r) = -44*r**3 - 4*r + 3. Let h(f) = 2*a(f) - 3*g(f). What is the units digit of h(1)?
5
Let t be 1*(0 - 1) - -4. Suppose 5 = -t*c + 56. Suppose -5*v = -c - 38. What is the tens digit of v?
1
Suppose 3*g + 2 = -4. What is the tens digit of 0 + 0 + g - -28?
2
Let d = 4 - 0. What is the units digit of d?
4
Suppose -2*w + 171 = -181. What is the hundreds digit of w?
1
Suppose -f - 2*f + 84 = 0. What is the units digit of f?
8
Let f(o) = 36*o**2 - o. Let k be f(1). What is the units digit of (8/(-5) + 2)*k?
4
Let m = 4 + -7. Let y = 16 + m. What is the units digit of y?
3
Let t be 0 - -2 - (-64 + 7). Let c = 85 - t. What is the units digit of c?
6
Let x be 1/(-4) - 99/(-12). Suppose 0*j = -j - x. Let y = j - -15. What is the units digit of y?
7
Let o(g) = -g + 4*g + 3*g - 5*g. Let k be o(2). Suppose -n + 5 = k. What is the units digit of n?
3
Suppose -i = -34 + 7. Suppose -4*k + q - 51 = 0, -3*q + 17 - 85 = 5*k. Let w = i + k. What is the units digit of w?
4
Let p = 45 + -44. What is the units digit of p?
1
Let v = 79 - 31. What is the tens digit of v?
4
Let f = 7 + -15. What is the units digit of 242/16 + 1/f?
5
Let q(v) = 5*v**3 + v**2 - v + 1. Let a be q(1). Suppose 74 = 4*u + a. What is the tens digit of u?
1
Suppose a - 1 + 0 = 0. What is the tens digit of a/(-1) + (0 - -15)?
1
Suppose 3*u + 5*l + 6 + 5 = 0, 4*l = 2*u - 22. Suppose 2*a + g + u + 4 = 0, 4*a + g = -11. What is the units digit of 2 - (20*1)/a?
2
Let w(h) = -h**2 + 0*h + 10*h**2 - 12 - h**3 + 2*h. Let f(t) = -10*t + 59. Let b be f(5). What is the units digit of w(b)?
6
Suppose 3 - 21 = -3*f + 4*l, -f - l + 6 = 0. Let h(o) = -o + 12. Let j be h(f). Suppose -24 = -2*m - 2*r, m + r = j*m - 84. What is the tens digit of m?
1
Let l(f) = 5*f**2 - f. Let y = -6 - -10. Suppose 0 = -4*g + 3*r - 8*r + 24, 3*g + y*r = 19. What is the units digit of l(g)?
4
Suppose q + q = -10. Suppose -4*v + 54 = -5*p, -4*v + 2*p + 50 = -p. Let j = q + v. What is the units digit of j?
6
Let v be (-12)/20 - 16/(-10). What is the tens digit of 43*(0 - (v + -2))?
4
Let v = 15 + -12. Suppose v*k + 125 = 8*k. What is the units digit of k?
5
Let c(y) = y**2 + 14*y + 17. Let n(j) = -j**3 + 3*j**2 + 8*j - 3. Let i be n(5). What is the units digit of c(i)?
4
Suppose 9 = 5*m - 3*r, -2*r + 6*r = 3*m - 12. Let l = 3 + m. What is the units digit of (1/(-3) - -1)*l?
2
Let t(i) = -i**2 + 10*i - 7. Let u be t(7). Suppose 11 = m - u. Suppose 9*x - m = 4*x. What is the units digit of x?
5
Let p = 1 - -1. Let o(x) = -5 + 2 + 5*x - 5*x + 3*x. What is the units digit of o(p)?
3
What is the units digit of -4*(130/(-4))/5?
6
Suppose 4*w - 22 - 118 = 0. What is the units digit of w?
5
Suppose 0 = 2*l - 10, 4*l = -x + 21 - 3. Let s(t) = -2*t**3 + 2*t**2 + 4*t + 2. What is the tens digit of s(x)?
1
Let o(f) = f**2 - 22. What is the units digit of o(-9)?
9
Suppose -4*f + 3 = -17. Suppose f*l + 0*m - 177 = -2*m, -3*l - 2*m + 103 = 0. What is the tens digit of l?
3
Let i(d) = 39*d + 3. Let z be i(3). Suppose -6*n + z = -n. Let u = -8 + n. What is the tens digit of u?
1
Let b(n) = -12*n. What is the units digit of b(-1)?
2
Let f(v) = 2*v**2 + 1. Suppose 0 = -4*h - 4*a, a - 5*a - 32 = -4*h. Suppose 6 = -5*l - h. What is the units digit of f(l)?
9
Let k(v) = v**2 - 4*v - 5. Let m(z) = z**2 + 4*z + 6. Let j be m(-4). What is the units digit of k(j)?
7
Suppose -13 = -n + 3. Let c = -1 + n. What is the tens digit of c?
1
Suppose 3*b + 3 = -5*x, -3*x - 17 = -2*b - 0*b. Suppose 0 = -b*w - 1 + 13. Let g = w - 2. What is the units digit of g?
1
Let n(d) = 14*d + 5. Let v be n(4). Suppose 5*u - 3*o + 0*o - v = 0, 0 = -3*u + 5*o + 43. Let a = u - 8. What is the units digit of a?
3
Let m = 60 + -93. Let h = -16 - m. What is the tens digit of h?
1
Let w be 4/16 + 69/12. What is the units digit of (-198)/(-15)*20/w?
4
Let b = 20 - 10. What is the units digit of b?
0
Let a(z) be the third derivative of -5*z**4/24 + z**3/6 - z**2. Let r be a(-3). Suppose 5*m = -4*o + 24, -5*o - r = -m + 12. What is the units digit of m?
8
Let s(v) = v**2 - v - 2. Let i = -3 - 0. Let q be s(i). Suppose o + 4*j = q, -5*o + 21 = -3*j - 6. What is the units digit of o?
6
Let b be -17 + (3/1 - 2). Let j = -10 - b. What is the units digit of j?
6
Let c = 149 + -42. What is the hundreds digit of c?
1
Let m(h) = h**3 + 5*h**2 - 5*h. Let w be m(-6). Suppose -29*f = -31*f + 6. What is the units digit of -2*f/4*w?
9
Suppose -3*b = -3*w - 0*w - 36, -3*w - b = 24. What is the units digit of 3/w*0 + 8?
8
Let k(h) = 4*h**2 + 23*h + 5. What is the units digit of k(-7)?
0
Suppose -4*p - 4*n = p + 5, 35 = 5*p - 4*n. Suppose 0 = -p*w + 40 + 29. What is the units digit of w?
3
What is the tens digit of (-107 + 2 + -2)/(-1)?
0
Let w = 2 - -3. Suppose 2*v - 6*v + w = 3*p, -2*p + 9 = -3*v. What is the units digit of (-3 - 3)/(p/(-2))?
4
Let 